7*k - 81. Let l be r(3). What is the highest common divisor of 5391 and l?
9
Let c(a) = -a**2 - 76*a + 1364. Let q be c(-68). What is the highest common factor of 36 and q?
36
Suppose 3*y = 2*v - 85, -y - 2*y + 3*v - 84 = 0. Let w = -47 - y. Let r = w + 39. What is the highest common factor of 7 and r?
7
Let p(b) = b**2 + 188*b - 6251. Let j be p(30). Calculate the highest common divisor of j and 2227.
17
Let s = 1065 + -1043. What is the greatest common factor of s and 1342?
22
Suppose 7*a - 591 = 95. Suppose 112*d - a*d = 224. What is the highest common divisor of 28 and d?
4
Suppose -2*y - 6*t = -146, -13*t + 385 = 5*y - 18*t. Calculate the highest common divisor of 11476 and y.
76
Suppose 27*o - 1077 - 2001 = 0. Let b = -49 + o. Calculate the highest common factor of 585 and b.
65
Let u be (-8136)/(-270) - (-9)/((-540)/8). Let t = 12 - 23. Let y = u + t. Calculate the highest common factor of y and 95.
19
Suppose 13*b + 32934 = 33220. Calculate the greatest common divisor of b and 2189.
11
Let d(c) = -184*c + 1022. Let k be d(4). Calculate the greatest common factor of k and 242.
22
Let b(c) = -2*c**3 + 16*c**2 + 116*c + 20. Let r be b(-5). What is the greatest common factor of 810 and r?
90
Suppose -5*j + 2*l + 35 = -9, -4*l + 12 = 0. Suppose -31*a + 33*a + j = 0. Let n be 828/180 + (-1 - 7/a). Calculate the greatest common factor of n and 35.
5
Let k = -3 + 68. Suppose -43 = -12*j + 53. Let x be (689/(-212))/(14/j - 2). Calculate the highest common divisor of x and k.
13
Let y(b) = 4*b**2 + 134*b - 198. Let i(n) = -n**2 - 45*n + 68. Let d(f) = -7*i(f) - 2*y(f). Let s be d(45). Calculate the highest common divisor of 95 and s.
5
Let w = -7 - -35. Let k be 48/w*21/6. Suppose -12*r = -6*r - 72. What is the greatest common factor of r and k?
6
Let l = -503 + 553. What is the greatest common divisor of l and 4950?
50
Suppose 0 = 14218*r - 14281*r + 13293. Calculate the greatest common divisor of 41567 and r.
211
Let n be ((-1)/4 - (-12)/48)/1. Suppose 8*s + s - 522 = n. Suppose -4*z + t = -s, -2*z + 4*t + 6 = -30. What is the highest common divisor of 14 and z?
14
Let q(j) = -2*j**2 + 3*j. Let v be q(2). Let u = -3050 - -3051. Let l be (-52)/v*u/2. What is the highest common factor of 117 and l?
13
Suppose -8*q + 28 = -4*q. Let g be ((-2)/4)/(103/(-3502)). Suppose -22 = g*o - 39. Calculate the greatest common divisor of o and q.
1
Let b(a) = -219*a + 4167. Let n be b(19). What is the greatest common divisor of 7494 and n?
6
Let y be 7299/2*(194 - 192). Calculate the greatest common divisor of 18 and y.
9
Let j be 849*(1670/(-210) + 8) + 9/(-21). Suppose -3*m + 0*m - 3*i + 318 = 0, 5*i = -m + 90. What is the highest common factor of m and j?
10
Suppose -26*u + 172062 = 60*u + 15198. What is the greatest common divisor of 4 and u?
4
Suppose 43*v + 12 = 37*v. Let w(p) = -18*p - 26. Let u be w(v). Calculate the greatest common factor of 790 and u.
10
Let u = 666 + 76. Let s = u + -735. Calculate the greatest common factor of s and 91.
7
Let a be 0*(33/27 + (-4)/18). Suppose -24*t + 22*t + 6 = a. Suppose t*m + 5*y + 20 = 69, y = -2*m + 28. What is the highest common divisor of m and 143?
13
Suppose 2680 + 28642 + 2662 = 4*r. Calculate the highest common factor of 144 and r.
144
Let w be 12 + -5 - (2 + -2). Suppose 0 = 2*j - w*j + 15. Suppose 4*p = -j*p + 49. Calculate the greatest common divisor of 7 and p.
7
Suppose 0 = 182*f - 174*f - 10120. Calculate the highest common factor of 11 and f.
11
Suppose 0 = 4*x + 8, -4*b - 6*x + 5*x + 170 = 0. Suppose -b*w = -37*w - 120. What is the highest common factor of w and 30?
10
Suppose -5*b = -5*u + 150, 2*b = 5*u - b - 142. Let c be 0/(-4 + 0) + u. Let s = 40 + -1. What is the highest common factor of c and s?
13
Let b be (-32048)/(-20) + 30/(-75)*1. What is the greatest common divisor of b and 234?
18
Suppose 0 = 4*m + m - 5*s - 3705, -3*m + 2223 = s. What is the greatest common factor of 114 and m?
57
Let d be (-54)/270 - 4278/(-15). Calculate the greatest common factor of d and 60.
15
Suppose 6 = m - 2. Suppose -10*p + m*p = 0. Suppose r + 5*r - 666 = p. Calculate the greatest common factor of r and 37.
37
Let i = -271 - -379. Let r(j) = 69*j + 141. Let u be r(-3). Let a be -2 + u/(-30) + (-295)/(-25). What is the highest common divisor of a and i?
12
Let a(m) = -m**3 + m**2 + 2*m + 150. Let z be a(0). Suppose -185 = -3*y - 4*n, -3*y - 37*n + z = -40*n. Calculate the greatest common divisor of 220 and y.
55
Let p(f) = -38*f - 701. Let q be p(-25). Calculate the highest common divisor of q and 1.
1
Suppose -3*d + 802 = 175. Let f be (-15 + (-731)/(-51))*(3 + 117/(-6)). What is the highest common divisor of d and f?
11
Suppose 0 = -3*g - 2*g + 2*m + 152, -4*g + 132 = m. Calculate the highest common divisor of g and 144.
16
Let w = -490 - -556. Let z = -10 - -16. Suppose 0*t = z*t - w. What is the highest common divisor of 55 and t?
11
Suppose 10*p - 500 = 5*p. Let k = p + -89. What is the greatest common factor of 253 and k?
11
Let w = 56 + -54. Suppose 0 = 2*l - 4*y + 2, w*l + 3*y = y + 16. Suppose l*b = 9*b - 68. What is the greatest common divisor of b and 153?
17
Suppose 120 - 516 = -11*u. Suppose 5*h - 3*h - u = -l, 57 = 3*h + 3*l. What is the highest common factor of h and 629?
17
Let q be 3*4/30 + 2072/20. Let l be (q/(-10))/(-5 - (-48)/10). Let w be ((-13)/4)/(-2*(-3)/(-24)). What is the highest common divisor of l and w?
13
Let d = -22 - -25. Let s be 12/(-3*d/(-9)). Suppose -28 = 10*n - s*n. Calculate the highest common divisor of 21 and n.
7
Suppose 5*a - 2*a + 21 = 0. Let i be 0/a*(-1)/(-1). Suppose 20*v - 22*v + 44 = i. Calculate the greatest common divisor of v and 22.
22
Let o = -1320075 + 1320211. Suppose -q - 3*q - 5*s + 59 = 0, 3*s - 45 = -3*q. Calculate the greatest common divisor of o and q.
8
Suppose -12 + 4 = 4*n. Let l be -2*(n - (-3)/6). Let k(y) = -y**2 + 47*y - 481. Let i be k(31). What is the highest common factor of i and l?
3
Suppose -221*c + 27 = -220*c + 4*a, 0 = -4*c - 3*a + 173. What is the highest common factor of c and 10951?
47
Let p = 333 - 325. Let f be (-110)/88 + 586/p. Calculate the greatest common divisor of 120 and f.
24
Let q = 50936 - 28631. What is the highest common factor of 15 and q?
15
Let h be (-5775)/(-15) + 0/1. Calculate the greatest common factor of h and 105.
35
Suppose -3*w + 88 = 5*w. Let o be (1 + 0)*w + (3 - 5). Suppose 2*c = -y + 25, c - y = 2*y + o. What is the highest common factor of 4 and c?
4
Let j be (-5)/2*-7*(7 + (-12)/4). Calculate the greatest common divisor of j and 42.
14
Suppose 13*p - 69781 = 34258. What is the highest common factor of p and 53?
53
Let m = -1007 - -4859. What is the greatest common factor of 749 and m?
107
Let f(m) = 4*m**3 + 3*m**2 - m + 2. Let l be f(4). Let x = 476542 - 476540. Calculate the greatest common factor of l and x.
2
Let w be (-4 + -4 + 26 + -13)*72/15. Let s(k) = 4*k**2 + 4*k + 4. Let p be s(-5). What is the highest common divisor of p and w?
12
Let h be (3 - (-5 - -8)) + -22. Let i be ((-5)/5)/(1/h). What is the highest common divisor of 2 and i?
2
Suppose 2*m = -g + 2*g - 788, -g + 784 = -m. Suppose -4*q = -2792 + g. Let b = q + -260. What is the highest common divisor of 27 and b?
27
Let u be ((-1062)/8)/((-127)/1016). What is the highest common factor of 3068 and u?
118
Suppose 1001*m + 4*n = 1004*m - 5852, 9856 = 5*m + 8*n. Calculate the greatest common factor of m and 105.
35
Suppose -56*s - 9*s = -195. Let x = -9 - -5. Let f be 290 - (s + x - -3). What is the highest common factor of 36 and f?
36
Suppose 0 = -2*y - 2*g + 20296, -13*y + 15*y - 4*g - 20320 = 0. Calculate the greatest common divisor of 16 and y.
8
Suppose 0*d = 27*d - 6345. Suppose -282 = -7*r + r. What is the greatest common divisor of d and r?
47
Suppose 49*w + 459 = 64*w - 321. What is the highest common factor of w and 2743?
13
Let t = -177 - -369. Suppose 0*o = -2*o + 132. Let v = t - o. Calculate the greatest common factor of v and 42.
42
Suppose 0 = -3*s - 4*p + 50, 16 - 64 = -3*s - 3*p. Let d(o) = -o**3 + 13*o**2 + 23*o - 38. Let b be d(s). Calculate the greatest common factor of b and 16.
8
Let u = 116 - 4. Let b = 109 + -108. Suppose 0 = -4*c - b + 65. What is the highest common divisor of c and u?
16
Let p = 1244